divided by 43.
23
Calculate the remainder when 2287 is divided by 232.
199
Calculate the remainder when 237 is divided by 130.
107
What is the remainder when 234 is divided by 38?
6
Calculate the remainder when 2376 is divided by 783.
27
What is the remainder when 380 is divided by 35?
30
What is the remainder when 2059 is divided by 24?
19
What is the remainder when 102 is divided by 77?
25
What is the remainder when 260 is divided by 8?
4
What is the remainder when 363 is divided by 14?
13
What is the remainder when 17068 is divided by 88?
84
Calculate the remainder when 48 is divided by 18.
12
Calculate the remainder when 401 is divided by 79.
6
Calculate the remainder when 505 is divided by 33.
10
Calculate the remainder when 9335 is divided by 24.
23
What is the remainder when 990 is divided by 25?
15
What is the remainder when 511 is divided by 86?
81
What is the remainder when 1391 is divided by 15?
11
Calculate the remainder when 61 is divided by 57.
4
Calculate the remainder when 147 is divided by 52.
43
Calculate the remainder when 58 is divided by 57.
1
What is the remainder when 7962 is divided by 166?
160
Calculate the remainder when 34 is divided by 9.
7
What is the remainder when 6839 is divided by 22?
19
Calculate the remainder when 478 is divided by 28.
2
What is the remainder when 1138 is divided by 108?
58
Calculate the remainder when 5473 is divided by 148.
145
What is the remainder when 1991 is divided by 660?
11
Calculate the remainder when 131 is divided by 33.
32
Calculate the remainder when 96 is divided by 10.
6
Calculate the remainder when 641 is divided by 36.
29
Calculate the remainder when 391 is divided by 20.
11
Calculate the remainder when 296 is divided by 38.
30
Calculate the remainder when 5622 is divided by 1405.
2
What is the remainder when 354 is divided by 75?
54
Calculate the remainder when 199 is divided by 91.
17
Calculate the remainder when 87 is divided by 40.
7
Calculate the remainder when 513 is divided by 239.
35
Calculate the remainder when 338 is divided by 322.
16
What is the remainder when 925 is divided by 15?
10
Calculate the remainder when 1330 is divided by 95.
0
Calculate the remainder when 123 is divided by 42.
39
What is the remainder when 7491 is divided by 59?
57
What is the remainder when 400 is divided by 137?
126
Calculate the remainder when 1535 is divided by 77.
72
What is the remainder when 110 is divided by 16?
14
Calculate the remainder when 197 is divided by 53.
38
Calculate the remainder when 392 is divided by 44.
40
Calculate the remainder when 1297 is divided by 20.
17
Calculate the remainder when 995 is divided by 25.
20
Calculate the remainder when 336 is divided by 15.
6
Calculate the remainder when 5298 is divided by 53.
51
Calculate the remainder when 916 is divided by 18.
16
What is the remainder when 960 is divided by 247?
219
What is the remainder when 372 is divided by 108?
48
Calculate the remainder when 5195 is divided by 5186.
9
Calculate the remainder when 476 is divided by 124.
104
What is the remainder when 414 is divided by 221?
193
What is the remainder when 2058 is divided by 2044?
14
What is the remainder when 811 is divided by 19?
13
What is the remainder when 264 is divided by 38?
36
What is the remainder when 484 is divided by 160?
4
What is the remainder when 83 is divided by 16?
3
What is the remainder when 619 is divided by 65?
34
What is the remainder when 50 is divided by 20?
10
What is the remainder when 173 is divided by 26?
17
What is the remainder when 196 is divided by 42?
28
What is the remainder when 1177 is divided by 32?
25
What is the remainder when 1321 is divided by 49?
47
Calculate the remainder when 1328 is divided by 12.
8
Calculate the remainder when 187 is divided by 33.
22
What is the remainder when 59 is divided by 41?
18
Calculate the remainder when 324 is divided by 45.
9
Calculate the remainder when 537 is divided by 108.
105
What is the remainder when 227 is divided by 29?
24
Calculate the remainder when 873 is divided by 98.
89
Calculate the remainder when 958 is divided by 15.
13
Calculate the remainder when 1184 is divided by 35.
29
Calculate the remainder when 128 is divided by 97.
31
What is the remainder when 279 is divided by 20?
19
What is the remainder when 302 is divided by 38?
36
Calculate the remainder when 267 is divided by 69.
60
What is the remainder when 356 is divided by 10?
6
Calculate the remainder when 11291 is divided by 6.
5
Calculate the remainder when 6198 is divided by 10.
8
Calculate the remainder when 207 is divided by 42.
39
Calculate the remainder when 26 is divided by 13.
0
Calculate the remainder when 2278 is divided by 12.
10
What is the remainder when 582 is divided by 65?
62
What is the remainder when 575 is divided by 72?
71
What is the remainder when 531 is divided by 121?
47
What is the remainder when 212 is divided by 107?
105
What is the remainder when 2999 is divided by 77?
73
Calculate the remainder when 1999 is divided by 4.
3
What is the remainder when 2375 is divided by 66?
65
What is the remainder when 847 is divided by 16?
15
Calculate the remainder when 318 is divided by 175.
143
Calculate the remainder when 73 is divided by 39.
34
What is the remainder when 106 is divided by 102?
4
What is the remainder when 1773 is divided by 37?
34
What is the remainder when 1812 is divided by 37?
36
Calculate the remainder when 234 is divided by 108.
18
Calculate the remainder when 4623 is divided by 37.
35
Calculate the remainder when 2324 is divided by 67.
46
What is the remainder when 56 is divided by 5?
1
What is the remainder when 788 is divided by 262?
2
Calculate the remainder when 1461 is divided by 11.
9
What is the remainder when 2729 is divided by 38?
31
What is the remainder when 226 is divided by 8?
2
What is the remainder when 1856 is divided by 31?
27
What is the remainder when 2750 is divided by 18?
14
Calculate the remainder when 2455 is divided by 21.
19
Calculate the remainder when 56 is divided by 26.
4
What is the remainder when 34 is divided by 12?
10
What is the remainder when 1004 is divided by 976?
28
What is the remainder when 5904 is divided by 394?
388
Calculate the remainder when 22 is divided by 12.
10
Calculate the remainder when 689 is divided by 46.
45
What is the remainder when 4169 is divided by 102?
89
What is the remainder when 1819 is divided by 20?
19
Calculate the remainder when 187 is divided by 34.
17
What is the remainder when 30843 is divided by 291?
288
What is the remainder when 5211 is divided by 42?
3
Calculate the remainder when 13383 is divided by 11.
7
What is the remainder when 164 is divided by 28?
24
What is the remainder when 373 is divided by 133?
107
What is the remainder when 364 is divided by 119?
7
Calculate the remainder when 1880 is divided by 114.
56
What is the remainder when 8758 is divided by 324?
10
What is the remainder when 115 is divided by 21?
10
Calculate the remainder when 1353 is divided by 1326.
27
What is the remainder when 681 is divided by 9?
6
What is the remainder when 310 is divided by 86?
52
Calculate the remainder when 116 is divided by 7.
4
Calculate the remainder when 1341 is divided by 58.
7
Calculate the remainder when 320 is divided by 17.
14
Calculate the remainder when 627 is divided by 9.
6
Calculate the remainder when 7953 is divided by 78.
75
Calculate the remainder when 8 is divided by 6.
2
Calculate the remainder when 93 is divided by 3.
0
What is the remainder when 5334 is divided by 58?
56
What is the remainder when 4481 is divided by 19?
16
What is the remainder when 82 is divided by 20?
2
Calculate the remainder when 136 is divided by 6.
4
Calculate the remainder when 1615 is divided by 67.
7
Calculate the remainder when 191 is divided by 69.
53
What is the remainder when 329 is divided by 304?
25
Calculate the remainder when 274 is divided by 20.
14
What is the remainder when 113 is divided by 2?
1
What is the remainder when 283 is divided by 137?
9
Calculate the remainder when 285 is divided by 134.
17
What is the remainder when 195 is divided by 50?
45
What is the remainder when 694 is divided by 13?
5
Calculate the remainder when 128 is divided by 71.
57
What is the remainder when 93